 the highest common divisor of 1716 and 87956.
44
Calculate the highest common divisor of 12 and 185034.
6
What is the highest common factor of 325899 and 196?
49
What is the highest common factor of 94051 and 326?
163
Calculate the highest common divisor of 14776 and 264.
8
What is the greatest common factor of 96 and 160656?
48
What is the greatest common divisor of 195 and 113235?
15
What is the highest common divisor of 10665 and 54?
27
Calculate the highest common divisor of 1 and 67723.
1
What is the highest common divisor of 10 and 372780?
10
What is the highest common divisor of 258 and 973821?
129
Calculate the highest common divisor of 1 and 8221.
1
Calculate the greatest common factor of 19 and 6729800.
19
What is the greatest common divisor of 3504222 and 162?
162
Calculate the greatest common divisor of 90240 and 1645.
235
What is the highest common factor of 989177 and 7?
7
Calculate the highest common factor of 42964 and 276.
92
What is the greatest common factor of 73780 and 3596?
124
Calculate the highest common factor of 343714 and 868.
14
What is the greatest common factor of 22 and 1433223?
11
Calculate the highest common factor of 583825 and 825.
275
Calculate the highest common divisor of 412 and 972.
4
Calculate the greatest common divisor of 36 and 21702.
6
What is the highest common factor of 50925 and 120?
15
Calculate the greatest common factor of 3610 and 18430.
190
Calculate the greatest common divisor of 890 and 403882.
178
What is the highest common factor of 144435 and 585?
15
Calculate the highest common factor of 54965 and 5.
5
What is the greatest common divisor of 54 and 97875?
27
What is the greatest common divisor of 1721544 and 264?
264
What is the greatest common divisor of 657 and 28125?
9
Calculate the highest common factor of 65 and 216983.
13
Calculate the highest common divisor of 4352 and 12852.
68
What is the highest common factor of 1225 and 19075?
175
What is the highest common divisor of 26 and 1283672?
26
Calculate the greatest common divisor of 223980 and 36.
12
What is the greatest common factor of 1090 and 220?
10
What is the greatest common divisor of 117 and 2036307?
39
What is the greatest common divisor of 6226 and 30564?
566
Calculate the highest common divisor of 53040 and 2130.
30
Calculate the highest common divisor of 1439804 and 18210.
1214
What is the highest common divisor of 26 and 128427?
13
What is the highest common factor of 27030 and 459?
51
Calculate the highest common divisor of 148 and 8214.
74
What is the highest common divisor of 8 and 1872968?
8
Calculate the highest common divisor of 188 and 42817.
47
Calculate the highest common factor of 2784 and 947488.
928
Calculate the highest common divisor of 5198 and 6215.
113
What is the greatest common divisor of 2 and 5374?
2
Calculate the greatest common divisor of 70 and 14720.
10
Calculate the greatest common divisor of 75045 and 295.
5
Calculate the greatest common divisor of 262 and 154973.
131
What is the greatest common divisor of 17052 and 2697?
87
What is the highest common divisor of 61 and 762805?
61
Calculate the greatest common divisor of 2440 and 183.
61
Calculate the greatest common divisor of 2370 and 735.
15
What is the highest common divisor of 83610 and 270?
90
What is the greatest common factor of 413 and 3953?
59
Calculate the highest common factor of 29083 and 3429.
127
What is the greatest common divisor of 1292017 and 17?
17
What is the highest common divisor of 1095 and 10675155?
1095
What is the highest common divisor of 187 and 665533?
187
What is the highest common factor of 2891 and 392?
49
Calculate the greatest common divisor of 245361 and 578.
289
Calculate the highest common divisor of 25170 and 510.
30
What is the greatest common factor of 1369 and 8399?
37
What is the greatest common factor of 14649 and 27474?
57
Calculate the highest common factor of 104 and 58214.
26
What is the highest common factor of 10703728 and 14?
14
Calculate the highest common factor of 16 and 5836.
4
What is the greatest common divisor of 2530 and 880?
110
What is the highest common divisor of 19873 and 3808?
119
What is the greatest common divisor of 330 and 24735?
15
Calculate the greatest common factor of 1690 and 63050.
130
Calculate the greatest common factor of 101557 and 369.
41
Calculate the highest common factor of 1058 and 296769.
529
What is the greatest common divisor of 1482 and 9594?
78
What is the highest common factor of 253 and 624151?
253
What is the highest common divisor of 3 and 1358?
1
Calculate the highest common divisor of 763 and 788179.
763
What is the highest common divisor of 108 and 34767?
9
What is the greatest common factor of 1692 and 18048?
564
Calculate the greatest common factor of 25356 and 24.
12
Calculate the greatest common divisor of 17 and 268379.
17
What is the greatest common divisor of 8622 and 91489?
479
What is the greatest common divisor of 2684020 and 2680?
1340
Calculate the greatest common factor of 603665 and 1570.
785
Calculate the highest common divisor of 209524 and 84.
28
What is the greatest common factor of 897 and 8268?
39
Calculate the highest common divisor of 272 and 5628632.
136
What is the greatest common factor of 24368469 and 57?
57
Calculate the highest common divisor of 1701 and 20391.
21
What is the greatest common factor of 14 and 4474211?
7
Calculate the highest common divisor of 204 and 12912.
12
Calculate the highest common factor of 24436 and 149.
149
What is the greatest common divisor of 697488 and 880?
176
What is the greatest common divisor of 4941 and 610?
61
What is the highest common factor of 170670 and 5?
5
Calculate the highest common divisor of 514241 and 26.
13
Calculate the greatest common factor of 155385 and 135.
135
Calculate the highest common divisor of 462292 and 5076.
188
Calculate the highest common factor of 81 and 751437.
81
What is the greatest common factor of 113482 and 92?
46
Calculate the highest common factor of 759 and 89848.
11
Calculate the highest common factor of 1002 and 515529.
501
What is the highest common divisor of 455436 and 12?
12
Calculate the greatest common factor of 2319 and 18.
3
Calculate the highest common divisor of 5764 and 143.
11
Calculate the greatest common factor of 56 and 49040.
8
Calculate the highest common factor of 18 and 262323.
9
What is the highest common divisor of 6001 and 142259?
353
What is the greatest common factor of 38 and 31198?
38
Calculate the greatest common factor of 4290 and 150.
30
What is the greatest common divisor of 28773 and 2070?
207
What is the highest common divisor of 5431377 and 21?
21
What is the highest common divisor of 666725 and 25?
25
What is the highest common factor of 161 and 741405?
161
Calculate the greatest common factor of 4585803 and 3.
3
Calculate the greatest common divisor of 615 and 178555.
205
Calculate the greatest common factor of 9269 and 20332.
299
Calculate the greatest common divisor of 1524 and 1967865.
381
What is the greatest common factor of 584 and 2376?
8
Calculate the greatest common factor of 774 and 2304.
18
What is the highest common factor of 77961 and 39?
39
Calculate the highest common divisor of 450 and 146.
2
What is the greatest common factor of 25 and 2055?
5
Calculate the highest common factor of 738050 and 2900.
1450
What is the greatest common factor of 124290 and 420?
30
What is the highest common factor of 24076 and 624?
52
Calculate the greatest common factor of 4699359 and 84.
21
Calculate the greatest common factor of 2296 and 26117.
287
What is the greatest common factor of 231 and 181797?
231
Calculate the greatest common factor of 390 and 79248.
78
Calculate the greatest common divisor of 66 and 41943.
33
Calculate the greatest common factor of 1859 and 2288.
143
Calculate the highest common factor of 16135 and 25.
5
Calculate the highest common divisor of 16969 and 2698.
71
Calculate the highest common factor of 351 and 2301.
39
Calculate the greatest common factor of 62 and 97805.
31
What is the greatest common factor of 122 and 48434?
122
Calculate the greatest common divisor of 10460 and 460.
20
What is the greatest common divisor of 28 and 30590?
14
What is the highest common divisor of 20